83
What are the prime factors of 1021603948?
2, 71, 3597197
List the prime factors of 32041274.
2, 16020637
What are the prime factors of 106755181?
13, 83, 98939
List the prime factors of 27520493.
7, 11, 13, 19, 1447
What are the prime factors of 245597308?
2, 11, 179, 31183
What are the prime factors of 919018357?
53, 1307, 13267
List the prime factors of 102045183.
3, 149, 167, 1367
What are the prime factors of 163419142?
2, 2161, 37811
List the prime factors of 2772152296.
2, 346519037
List the prime factors of 146239978.
2, 71, 1029859
What are the prime factors of 4401240359?
353, 12468103
What are the prime factors of 808866712?
2, 2129, 47491
List the prime factors of 239008993.
239008993
List the prime factors of 5115928062.
2, 3, 7, 37, 3292103
List the prime factors of 1358730230.
2, 5, 11, 13, 950161
List the prime factors of 281006676.
2, 3, 7805741
List the prime factors of 153371500.
2, 5, 137, 2239
List the prime factors of 3210768108.
2, 3, 179, 498257
List the prime factors of 461879474.
2, 7, 19, 1736389
What are the prime factors of 4325979490?
2, 5, 7, 557, 110951
What are the prime factors of 1561362637?
17, 43, 257, 8311
What are the prime factors of 2613806724?
2, 3, 53, 1973, 2083
What are the prime factors of 41843252?
2, 11, 86453
What are the prime factors of 303600532?
2, 6857, 11069
List the prime factors of 592599017.
101, 5867317
List the prime factors of 4559563.
19, 239977
List the prime factors of 28426612.
2, 29, 41, 43, 139
List the prime factors of 25639495.
5, 7, 104651
What are the prime factors of 237230225?
5, 409, 23201
What are the prime factors of 362090621?
37, 97, 233, 433
List the prime factors of 74031738.
2, 3, 11, 1121693
List the prime factors of 2179032248.
2, 41, 53, 163, 769
List the prime factors of 156023016.
2, 3, 29, 224171
What are the prime factors of 6094748?
2, 11, 138517
What are the prime factors of 44284506?
2, 3, 7, 1054393
What are the prime factors of 5340587716?
2, 19, 467, 150473
List the prime factors of 1008122185.
5, 7, 17, 1091, 1553
List the prime factors of 1338943415.
5, 439, 609997
What are the prime factors of 944082728?
2, 41, 229, 12569
List the prime factors of 114305533.
2861, 39953
What are the prime factors of 390082301?
7, 101, 551743
What are the prime factors of 78846580?
2, 5, 19, 207491
What are the prime factors of 524313118?
2, 7, 157, 263, 907
List the prime factors of 328074981.
3, 13, 1129, 7451
List the prime factors of 106612217.
8269, 12893
List the prime factors of 1219134979.
173, 223, 31601
What are the prime factors of 55713937?
107, 520691
List the prime factors of 391090253.
17, 23005309
List the prime factors of 159905193.
3, 7, 2063, 3691
List the prime factors of 116834426.
2, 229, 255097
What are the prime factors of 57308292?
2, 3, 17, 29, 3229
What are the prime factors of 69162688?
2, 7, 263, 587
What are the prime factors of 8213384?
2, 1026673
List the prime factors of 20664253.
523, 39511
What are the prime factors of 22191868?
2, 17, 326351
What are the prime factors of 66446120?
2, 5, 13, 127781
List the prime factors of 244077152.
2, 11, 693401
What are the prime factors of 15608251?
15608251
What are the prime factors of 701610249?
3, 1733, 134951
List the prime factors of 2258050649.
19, 109, 401, 2719
List the prime factors of 680635093.
283, 2405071
What are the prime factors of 1897562520?
2, 3, 5, 7, 753001
List the prime factors of 2680647830.
2, 5, 7, 157, 243917
List the prime factors of 2497321195.
5, 499464239
What are the prime factors of 6531884700?
2, 3, 5, 11, 1979359
List the prime factors of 20971188.
2, 3, 7, 83219
What are the prime factors of 4879302252?
2, 3, 11, 41, 7451
List the prime factors of 161517197.
161517197
What are the prime factors of 1370958961?
367, 3735583
What are the prime factors of 311384885?
5, 7, 8896711
List the prime factors of 23558068.
2, 5889517
List the prime factors of 1468173090.
2, 3, 5, 48939103
What are the prime factors of 116662398?
2, 3, 17, 1143749
List the prime factors of 5504454286.
2, 107, 1693, 15193
List the prime factors of 70332210.
2, 3, 5, 13, 47, 1279
What are the prime factors of 6027715130?
2, 5, 157, 3839309
List the prime factors of 152925951.
3, 113, 451109
What are the prime factors of 10030497?
3, 3343499
List the prime factors of 3895974450.
2, 3, 5, 113, 8513
List the prime factors of 577728640.
2, 5, 271, 3331
What are the prime factors of 184688615?
5, 47, 233, 3373
List the prime factors of 212780637.
3, 53, 446081
List the prime factors of 1792750043.
7, 29, 8831281
List the prime factors of 4898134291.
4898134291
List the prime factors of 154323993.
3, 29, 97, 18287
What are the prime factors of 227983365?
3, 5, 5066297
List the prime factors of 85091186.
2, 42545593
What are the prime factors of 1334508493?
677, 1971209
List the prime factors of 311722580.
2, 5, 13, 269, 4457
List the prime factors of 206571138.
2, 3, 34428523
What are the prime factors of 31019270?
2, 5, 29, 106963
List the prime factors of 48740738.
2, 19, 263, 4877
What are the prime factors of 5049099039?
3, 31307, 53759
What are the prime factors of 61809214?
2, 30904607
What are the prime factors of 539421124?
2, 11, 149, 82279
What are the prime factors of 8912155425?
3, 5, 1873, 63443
List the prime factors of 48364375.
5, 77383
What are the prime factors of 16614073?
7, 23, 37, 2789
List the prime factors of 78169683.
3, 251, 103811
What are the prime factors of 112477026?
2, 3, 2153, 8707
List the prime factors of 3676540931.
7, 525220133
List the prime factors of 121469283.
3, 13, 1038199
List the prime factors of 8729336.
2, 7, 11, 37, 383
List the prime factors of 3133532212.
2, 19, 163, 252949
List the prime factors of 4309939.
4309939
What are the prime factors of 137421935?
5, 7, 3926341
List the prime factors of 91843659.
3, 739, 4603
List the prime factors of 267199955.
5, 11, 2143, 2267
List the prime factors of 383265939.
3, 7, 18250759
What are the prime factors of 1829508056?
2, 223, 1025509
What are the prime factors of 5294235393?
3, 211, 2787907
List the prime factors of 42347352.
2, 3, 19, 92867
List the prime factors of 315248882.
2, 13, 311, 2999
List the prime factors of 844002437.
844002437
What are the prime factors of 1073450824?
2, 5927, 22639
List the prime factors of 119759569.
311, 385079
What are the prime factors of 502497383?
31, 16209593
What are the prime factors of 12144789?
3, 449807
List the prime factors of 79138815.
3, 5, 7, 31, 41, 593
List the prime factors of 34431310.
2, 5, 3443131
List the prime factors of 71091579.
3, 13, 853, 2137
What are the prime factors of 327195887?
59, 61, 229, 397
What are the prime factors of 2845028192?
2, 88907131
What are the prime factors of 78454927?
997, 78691
What are the prime factors of 2249225221?
5197, 432793
What are the prime factors of 711704414?
2, 355852207
List the prime factors of 518050628.
2, 129512657
What are the prime factors of 4151114774?
2, 17, 122091611
What are the prime factors of 80265002?
2, 47, 53, 16111
List the prime factors of 172075980.
2, 3, 5, 2867933
List the prime factors of 3610307998.
2, 11, 67, 2449327
What are the prime factors of 3942409827?
3, 241, 5452849
List the prime factors of 728463050.
2, 5, 7, 2081323
What are the prime factors of 21265142?
2, 19, 41, 13649
List the prime factors of 44824376.
2, 17, 329591
List the prime factors of 151398331.
7, 227, 95279
List the prime factors of 365541432.
2, 3, 313, 48661
List the prime factors of 86706177.
3, 19, 101, 15061
What are the prime factors of 171831857?
71, 2420167
List the prime factors of 451833370.
2, 5, 31, 47017
What are the prime factors of 1348919?
11, 13, 9433
What are the prime factors of 23027636?
2, 1033, 5573
What are the prime factors of 87288606?
2, 3, 4849367
What are the prime factors of 856948203?
3, 19, 71, 70583
What are the prime factors of 75247374?
2, 3, 12541229
List the prime factors of 65216571.
3, 7, 3105551
What are the prime factors of 3487616677?
5333, 653969
List the prime factors of 85707371.
85707371
What are the prime factors of 1467946853?
29, 73, 693409
List the prime factors of 4655803484.
2, 1163950871
List the prime factors of 2412349888.
2, 13, 2899459
Wh